{"id":96,"date":"2012-01-06T16:15:05","date_gmt":"2012-01-06T16:15:05","guid":{"rendered":"http:\/\/www.gardinen24.info\/?page_id=96"},"modified":"2024-05-12T12:11:30","modified_gmt":"2024-05-12T12:11:30","slug":"plissee","status":"publish","type":"page","link":"https:\/\/www.gardinen24.info\/?page_id=96","title":{"rendered":"Plissees"},"content":{"rendered":"<p>Plissee<\/p>\n<p><img decoding=\"async\" loading=\"lazy\" class=\"size-full wp-image-219 alignleft\" title=\"plissee_banner_gardinia\" src=\"http:\/\/www.gardinen24.info\/wp-content\/uploads\/2012\/01\/plissee_banner_gardinia.jpg\" alt=\"\" width=\"549\" height=\"419\" srcset=\"https:\/\/www.gardinen24.info\/wp-content\/uploads\/2012\/01\/plissee_banner_gardinia.jpg 549w, https:\/\/www.gardinen24.info\/wp-content\/uploads\/2012\/01\/plissee_banner_gardinia-300x228.jpg 300w\" sizes=\"(max-width: 549px) 100vw, 549px\" \/><\/p>\n<p><a href=\"https:\/\/www.gardinen-shop.org\/\" target=\"_blank\" rel=\"noopener\">Plissee<\/a> mit 2 Bedienschienen\u00a0F\u00fcr den individuellen Komfort am Fenster\u00a0Dekorative und praktische Schnurl\u00f6sung f\u00fcr den perfekten Sicht- und Sonnenschutz\u00a0Wirkungsvolle dekorative Lichtregulierung\u00a0Das <a href=\"https:\/\/www.gardinen-shop.org\/\" target=\"_blank\" rel=\"noopener\">Plissee<\/a> ist individuell h\u00f6henverstellbar\u00a0Einfach an der Decke oder an der Wand zu montieren.<\/p>\n<p>Unsere Produkte werden individuell nach Ihren Angaben gefertigt. Haben Sie noch weitere Sonderw\u00fcnsche? Dann kontaktieren Sie uns telefonisch oder per Email.<\/p>\n<h2 class=\"wp-block-heading\">Ihr Spezialist fuer elegante Plissees in Dortmund und Umgebung &#8211; inklusive Mess- und Montageservice!<\/h2>\n<p>Entdecken Sie stilvolle Plissees f\u00fcr Ihr Zuhause bei BN, Sicht- und Sonnenschutz<\/p>\n<p>In unserem Onlineshop finden Sie eine vielf\u00e4ltige Auswahl an hochwertigen Plissees, die nicht nur funktional sind, sondern auch einen modernen und eleganten Look in Ihre R\u00e4ume bringen. Ob f\u00fcr das Wohnzimmer, Schlafzimmer oder B\u00fcro-Plissees sind vielseitig einsetzbar und passen sich jedem Einrichtungsstil an.<\/p>\n<p>Plissees sind nicht nur dekorativ, sondern bieten auch praktische Vorteile. Sie dienen als effektiver Sicht- und Sonnenschutz, sch\u00fctzen vor neugierigen Blicken von au\u00dfen und regulieren das Raumklima. Gerade in sonnenexponierten R\u00e4umen sorgen Plissees daf\u00fcr, dass die Hitze drau\u00dfen bleibt und Sie sich in Ihren vier W\u00e4nden wohlf\u00fchlen k\u00f6nnen.<\/p>\n<p>Ein h\u00e4ufiges Problem bei der Auswahl von Plissees ist die richtige Ma\u00dfanfertigung. Doch bei BN, Sicht- und Sonnenschutz brauchen Sie sich keine Sorgen zu machen. Wir bieten unseren gesch\u00e4tzten Kunden in Dortmund, Witten, Schwerte, Bochum, Hagen, Herdecke, Iserlohn, Unna, Kamen, Holzwickede und vielen anderen Orten einen Mess- und Montageservice an. So k\u00f6nnen Sie sicher sein, dass Ihre Plissees perfekt passen und fachgerecht angebracht werden.<\/p>\n<p>Unsere Plissees sind in verschiedenen Farben, Mustern und Stoffarten erh\u00e4ltlich, sodass Sie ganz nach Ihrem Geschmack w\u00e4hlen k\u00f6nnen. Ob transparente Stoffe f\u00fcr eine sanfte Lichtdurchl\u00e4ssigkeit oder blickdichte Varianten f\u00fcr mehr Privatsph\u00e4re &#8211; bei uns finden Sie garantiert das passende Plissee f\u00fcr Ihre Bed\u00fcrfnisse.<\/p>\n<p>\u00dcberzeugen Sie sich selbst von der Qualit\u00e4t und Vielfalt unserer Plissees und geben Sie Ihren R\u00e4umen einen neuen Look. Bestellen Sie noch heute bei BN, Sicht- und Sonnenschutz und profitieren Sie von unserem Mess- und Montageservice in Dortmund und Umgebung. G\u00f6nnen Sie sich den Luxus von ma\u00dfgeschneidertem Sonnen- und Sichtschutz f\u00fcr Ihr Zuhause!<\/p><\/p>\n","protected":false},"excerpt":{"rendered":"<p>Plissee Plissee mit 2 Bedienschienen\u00a0F\u00fcr den individuellen Komfort am Fenster\u00a0Dekorative und praktische Schnurl\u00f6sung f\u00fcr den perfekten Sicht- und Sonnenschutz\u00a0Wirkungsvolle dekorative Lichtregulierung\u00a0Das Plissee ist individuell h\u00f6henverstellbar\u00a0Einfach an der Decke oder an der Wand zu montieren. Unsere Produkte werden individuell nach Ihren &hellip; <a href=\"https:\/\/www.gardinen24.info\/?page_id=96\">Weiterlesen <span class=\"meta-nav\">&rarr;<\/span><\/a><\/p>\n","protected":false},"author":1,"featured_media":0,"parent":0,"menu_order":0,"comment_status":"closed","ping_status":"closed","template":"","meta":[],"_links":{"self":[{"href":"https:\/\/www.gardinen24.info\/index.php?rest_route=\/wp\/v2\/pages\/96"}],"collection":[{"href":"https:\/\/www.gardinen24.info\/index.php?rest_route=\/wp\/v2\/pages"}],"about":[{"href":"https:\/\/www.gardinen24.info\/index.php?rest_route=\/wp\/v2\/types\/page"}],"author":[{"embeddable":true,"href":"https:\/\/www.gardinen24.info\/index.php?rest_route=\/wp\/v2\/users\/1"}],"replies":[{"embeddable":true,"href":"https:\/\/www.gardinen24.info\/index.php?rest_route=%2Fwp%2Fv2%2Fcomments&post=96"}],"version-history":[{"count":9,"href":"https:\/\/www.gardinen24.info\/index.php?rest_route=\/wp\/v2\/pages\/96\/revisions"}],"predecessor-version":[{"id":373,"href":"https:\/\/www.gardinen24.info\/index.php?rest_route=\/wp\/v2\/pages\/96\/revisions\/373"}],"wp:attachment":[{"href":"https:\/\/www.gardinen24.info\/index.php?rest_route=%2Fwp%2Fv2%2Fmedia&parent=96"}],"curies":[{"name":"wp","href":"https:\/\/api.w.org\/{rel}","templated":true}]}}