{"id":82,"date":"2012-01-06T16:13:50","date_gmt":"2012-01-06T16:13:50","guid":{"rendered":"http:\/\/www.gardinen24.info\/?page_id=82"},"modified":"2020-09-26T10:20:23","modified_gmt":"2020-09-26T10:20:23","slug":"gardinen-meterware","status":"publish","type":"page","link":"https:\/\/www.gardinen24.info\/?page_id=82","title":{"rendered":"Gardinen Meterware"},"content":{"rendered":"<p><img decoding=\"async\" loading=\"lazy\" class=\"alignnone size-medium wp-image-141\" title=\"Solana 57-Merani 19\" src=\"http:\/\/www.gardinen24.info\/wp-content\/uploads\/2012\/01\/Solana-57-Merani-19-300x189.jpg\" alt=\"\" width=\"300\" height=\"189\" srcset=\"https:\/\/www.gardinen24.info\/wp-content\/uploads\/2012\/01\/Solana-57-Merani-19-300x189.jpg 300w, https:\/\/www.gardinen24.info\/wp-content\/uploads\/2012\/01\/Solana-57-Merani-19-1024x647.jpg 1024w\" sizes=\"(max-width: 300px) 100vw, 300px\" \/><\/p>\n<p>Wir bieten unseren Kunden nur hochwertige und qualitative Produkte an. Unsere Gardinen schafft nicht nur Raum, sondern auch ein neues Raum \u2013Erlebnis. Damit auch f\u00fcr jeden Geschmack etwas dabei ist, haben wir viele verschiedene Gardinenmodelle in verschiedenen Farben in unserem Shop zur Auswahl.<\/p>\n<p>Unsere Gardinen sind kombinierbar mit verschiedenen Gardinen &#8211; Systemen (wie z.B. Fl\u00e4chenvorhang, Raffrollos-Techniken, etc.).<\/p>\n<p>Wenn Sie m\u00f6chten, k\u00f6nnen Sie auch gleich die dazu passenden Gardinenstangen bei uns bestellen. Es stehen Ihnen verschiedene Gardinenstangen aus namhaften Herstellern zur Verf\u00fcgung.<\/p>\n<p>Sollten Sie noch weitere Fragen zu unseren Gardinen, Gardinenstoffen, Gardinen Meterware, Fl\u00e4chenvorh\u00e4ngen, Schiebevorh\u00e4ngen, Scheibengardinen oder Gardinenstangen haben, dann schreiben Sie uns eine Email an <a href=\"mailto:info@bngardinen.de\">info@bngardinen.de<\/a>.<\/p>\n<p>Gerne k\u00f6nnen Sie uns auch in eines unserer Filialen in Dortmund besuchen. Dort stehen Ihnen eine riesen Auswahl an Gardinen, Gardinen Meterware, Gardinenstoffen und verschiedene Zubeh\u00f6rteile zur Verf\u00fcgung.<\/p>\n<p><a href=\"https:\/\/www.gardinen-shop.org\/\" target=\"_new\">Schauen Sie jetzt im Shop vorbei. Hier gibt es Gardinenstoffe schon ab 0,95\u20ac \/ lfm. <\/a><\/p>\n","protected":false},"excerpt":{"rendered":"<p>Wir bieten unseren Kunden nur hochwertige und qualitative Produkte an. Unsere Gardinen schafft nicht nur Raum, sondern auch ein neues Raum \u2013Erlebnis. Damit auch f\u00fcr jeden Geschmack etwas dabei ist, haben wir viele verschiedene Gardinenmodelle in verschiedenen Farben in unserem &hellip; <a href=\"https:\/\/www.gardinen24.info\/?page_id=82\">Weiterlesen <span class=\"meta-nav\">&rarr;<\/span><\/a><\/p>\n","protected":false},"author":1,"featured_media":0,"parent":0,"menu_order":0,"comment_status":"closed","ping_status":"closed","template":"","meta":[],"_links":{"self":[{"href":"https:\/\/www.gardinen24.info\/index.php?rest_route=\/wp\/v2\/pages\/82"}],"collection":[{"href":"https:\/\/www.gardinen24.info\/index.php?rest_route=\/wp\/v2\/pages"}],"about":[{"href":"https:\/\/www.gardinen24.info\/index.php?rest_route=\/wp\/v2\/types\/page"}],"author":[{"embeddable":true,"href":"https:\/\/www.gardinen24.info\/index.php?rest_route=\/wp\/v2\/users\/1"}],"replies":[{"embeddable":true,"href":"https:\/\/www.gardinen24.info\/index.php?rest_route=%2Fwp%2Fv2%2Fcomments&post=82"}],"version-history":[{"count":6,"href":"https:\/\/www.gardinen24.info\/index.php?rest_route=\/wp\/v2\/pages\/82\/revisions"}],"predecessor-version":[{"id":315,"href":"https:\/\/www.gardinen24.info\/index.php?rest_route=\/wp\/v2\/pages\/82\/revisions\/315"}],"wp:attachment":[{"href":"https:\/\/www.gardinen24.info\/index.php?rest_route=%2Fwp%2Fv2%2Fmedia&parent=82"}],"curies":[{"name":"wp","href":"https:\/\/api.w.org\/{rel}","templated":true}]}}